2
Let m(y) = -y**3 + 6*y**2 - 9*y + 14. Give m(5).
-6
Let f(b) = 2*b**2 + 13*b + 15. Determine f(-6).
9
Let b(s) = -s**3 + s**2 + s + 2. Determine b(-2).
12
Let o(v) = 102*v - 4. Give o(-1).
-106
Let c(k) = 2*k**3 - 8*k**2 - k + 2. Determine c(4).
-2
Let i(r) = -r**3 - 6*r**2 - 2*r + 7. Calculate i(-5).
-8
Let a(t) = -t**2 + 42*t + 176. Give a(46).
-8
Let a(q) = 4*q + 1. Give a(3).
13
Let v(l) = l**3 - 6*l**2 - 11*l + 10. Give v(7).
-18
Let g(p) = p**2 + 9*p + 8. Give g(-8).
0
Let t(i) = i**2 + 8*i - 9. Determine t(-9).
0
Let v(h) = -h**2 + 6. Give v(5).
-19
Let t(f) = -f**3 - 15*f**2 - 32. Determine t(-15).
-32
Let t(p) = p**3 - 8*p**2 + 8*p - 8. Determine t(7).
-1
Let y(d) = d**2 - 24*d + 64. Calculate y(21).
1
Let j(s) = -s**2 + 17*s + 194. Determine j(-7).
26
Let m(z) = -z**2 + 7*z + 2. Give m(7).
2
Let x(y) = -y**3 - 8*y**2 - y - 7. Calculate x(-8).
1
Let f(b) = 16*b**2 - 1. Determine f(1).
15
Let f(n) = -9*n + 88. Calculate f(11).
-11
Let j(x) = x**3 - 13. What is j(0)?
-13
Let v(r) = 3*r - 4. Calculate v(3).
5
Let b(z) = z**3 + 6*z**2 + 7*z + 2. Give b(-4).
6
Let w(s) = -3*s**2 - 51*s + 13. Determine w(-17).
13
Let c(w) = 2*w**2 - 6*w - 80. What is c(-5)?
0
Let p(x) = x**2 - x - 4. Determine p(0).
-4
Let y(b) = -35*b**3 + 3*b**2 + 2*b. Determine y(-1).
36
Let u(t) = -t**2 - 4*t - 11. Give u(-8).
-43
Let l(q) = q**2 + 6*q - 2. Give l(-4).
-10
Let k(a) = -2*a**2 - 16*a + 22. Determine k(-9).
4
Let p(y) = -y**3 + 4*y**2 + 7*y. Calculate p(6).
-30
Let r(b) = -b**2 + 25. Determine r(-6).
-11
Let w(m) = -4*m**2 - 37*m - 8. What is w(-9)?
1
Let o(p) = p**2 + 5*p - 8. Calculate o(4).
28
Let t(p) = -p - 49. Give t(10).
-59
Let b(z) = -11*z**2 - 3*z + 1. Determine b(2).
-49
Let o(t) = 3*t - 59. Determine o(19).
-2
Let h(k) = 26*k + 230. What is h(-9)?
-4
Let a(b) = -b**3 + 24*b**2 - 26*b + 20. Give a(23).
-49
Let k(u) = -6*u**2 - 7. Calculate k(3).
-61
Let r(v) = 15*v - 2. Give r(3).
43
Let z(f) = f**2 + 7*f + 5. What is z(-5)?
-5
Let u(r) = -r + 14. Give u(10).
4
Let u(o) = -o + 10. Determine u(-4).
14
Let r(z) = -15*z**2 + 2*z - 1. What is r(1)?
-14
Let m(i) = -i**2 - 19*i - 45. Give m(-17).
-11
Let m(t) = 14*t**2 - 65*t - 7. What is m(5)?
18
Let a(c) = 6*c - 64. Determine a(13).
14
Let s(j) = j**3 - 8*j**2 - 9*j - 8. Determine s(9).
-8
Let s(q) = -3*q - 2. What is s(1)?
-5
Let z(x) = -2*x**3 + 2*x**2 - x + 107. Determine z(0).
107
Let o(z) = z**3 - 10*z**2 - 17*z - 4. Give o(-2).
-18
Let k(j) = -3*j**2 + j + 4. Determine k(3).
-20
Let x(k) = -6*k - 18. What is x(-2)?
-6
Let f(s) = -17*s - 6. Calculate f(4).
-74
Let r(j) = -j**2 - 16*j - 5. Give r(-13).
34
Let x(y) = 7*y - 3. Determine x(-5).
-38
Let a(l) = -5*l + 2. What is a(1)?
-3
Let f(n) = n**2 - 11. Determine f(-5).
14
Let p(j) = -j**3 + 25*j**2 + j - 17. What is p(25)?
8
Let y(h) = 10*h**3 + 5*h**2 - 5*h + 1. Give y(2).
91
Let a(m) = -5*m - 64. Calculate a(-12).
-4
Let u(h) = h**2 + 5*h + 8. Calculate u(0).
8
Let j(y) = y**3 + 2*y**2 - 16*y - 4. Give j(-5).
1
Let t(w) = 2*w**2 - 2. Calculate t(4).
30
Let h(m) = -2*m**2 + 16*m - 14. What is h(6)?
10
Let t(i) = i**2 + 4*i + 18. Determine t(-9).
63
Let c(o) = o**3 + 20*o**2 - 15*o + 71. Determine c(-21).
-55
Let h(f) = 4*f - 13. Determine h(11).
31
Let g(p) = -p + 12. Calculate g(0).
12
Let g(s) = s**2 + 4*s - 32. Give g(0).
-32
Let d(k) = -2*k**2 - 2. Give d(-2).
-10
Let z(l) = -2*l**3 - l**2 + 5*l - 4. Give z(3).
-52
Let f(d) = -d**2 + 20*d - 38. Give f(18).
-2
Let m(q) = -18*q + 105. Calculate m(6).
-3
Let u(v) = v**3 + 7*v**2 - 6*v + 7. Determine u(-8).
-9
Let t(j) = j**3 + 7*j**2 + 3*j - 8. Give t(-7).
-29
Let g(i) = 3*i**3 - 4*i**2 + 84*i - 171. Determine g(2).
5
Let l(c) = -c**3 + 2*c**2 + 17*c + 30. Determine l(0).
30
Let y(p) = -p**3 - 15*p**2 - 3*p - 37. What is y(-15)?
8
Let j(h) = 5*h + 7. Give j(-6).
-23
Let p(l) = -l**2 - 19*l + 2. What is p(-20)?
-18
Let o(b) = b**3 - b**2 - 2*b - 67. Determine o(0).
-67
Let l(c) = c**2 - 5*c + 2. Calculate l(3).
-4
Let s(r) = -r**2 + 29*r - 185. Calculate s(19).
5
Let v(b) = b**2 + 20*b + 2. Calculate v(-20).
2
Let p(c) = c**3 - 10*c**2 + 3. Give p(10).
3
Let n(f) = -f - 20. Calculate n(0).
-20
Let j(m) = -2*m**3 - m**2 - 3*m + 5. Calculate j(2).
-21
Let z(l) = -3*l**2 + 10*l - 1. Determine z(4).
-9
Let u(z) = 3*z**2 - 10*z + 7. Calculate u(5).
32
Let n(h) = h**3 - 10*h**2 + h - 32. What is n(10)?
-22
Let q(v) = -13*v + 100. Calculate q(9).
-17
Let g(x) = -4*x + 6. Give g(5).
-14
Let v(m) = 2*m - 6. Calculate v(5).
4
Let w(s) = -15*s + 6. Calculate w(0).
6
Let r(v) = -v**2 + 10*v - 27. What is r(7)?
-6
Let r(i) = -i**3 + 5*i**2 + 4*i - 1. What is r(7)?
-71
Let d(m) = m**2 + 5*m + 11. Give d(-5).
11
Let w(i) = -i**2 + 22*i - 33. What is w(21)?
-12
Let g(o) = -15*o - 26. Give g(2).
-56
Let a(p) = p**3 + 2*p**2 - 4*p. Give a(-2).
8
Let b(h) = -h**3 + 9*h**2 - 11*h + 5. Calculate b(7).
26
Let u(p) = p**3 - 29*p**2 + 31*p - 85. Determine u(28).
-1
Let u(r) = -5*r - 10. Calculate u(3).
-25
Let i(w) = -w**3 + 16*w**2 - 46*w - 27. Give i(12).
-3
Let p(c) = -c**3 + 8*c**2 - 5*c - 8. Calculate p(7).
6
Let t(p) = -2*p**2 + 14. Calculate t(4).
-18
Let x(q) = 12*q**2 + 9*q - 22. Determine x(4).
206
Let k(l) = l**2 - 11*l - 17. Calculate k(7).
-45
Let y(v) = v**2 - 12*v + 28. Give y(10).
8
Let i(x) = x**2 - 4*x - 17. Give i(4).
-17
Let z(g) = -90*g - 732. Calculate z(-8).
-12
Let k(r) = 3*r + 16. Determine k(-8).
-8
Let z(w) = w**2 - 8*w - 22. Give z(12).
26
Let b(f) = f**2 + 4*f - 15. Calculate b(-9).
30
Let u(g) = 8*g**2 - 103*g - 22. Calculate u(13).
-9
Let z(p) = -p**3 - 2*p**2 - 2*p - 3. What is z(-3)?
12
Let x(m) = -m**2 + 4*m - 12. Give x(7).
-33
Let u(r) = r**2 + 2*r - 64. Determine u(7).
-1
Let a(c) = c**2 - 14. Determine a(-5).
11
Let u(f) = -f**3 - 9*f**2 - 2*f + 47. Determine u(-8).
-1
Let q(x) = x**3 - 8*x**2 + 6*x + 10. What is q(7)?
3
Let f(c) = -c**2 - 9*c + 1. Give f(-8).
9
Let n(h) = -h**3 - 7*h**2 - 13*h + 1. What is n(-2)?
7
Let n(w) = w**2 + 12*w - 7. What is n(-6)?
-43
Let g(p) = p**3 - 7*p**2 + 4*p + 8. Determine g(6).
-4
Let w(d) = -5*d**3 + 56*d**2 - 11*d - 10. Determine w(11).
-10
Let i(y) = -7*y - 36. Give i(-4).
-8
Let u(c) = -7*c + 38. What is u(5)?
3
Let a(s) = -4*s - 9. What is a(-4)?
7
Let y(k) = -k**3 + 11*k**2 + 29*k + 4. What is y(13)?
43
Let u(r) = -r**3 - 5*r**2 + 3*r + 7. What is u(-5)?
-8
Let i(g) = g**2 + 16*g + 18. What is i(8)?
210
Let f(x) = 2*x**2 - 23*x + 19. What is f(13)?
58
Let r(z) = -z**3 - 9*z**2 - 20*z - 21. Determine r(-7).
21
Let f(h) = -h - 6. Determine f(7).
-13
Let g(y) = -3*y + 41. Calculate g(10).
11
Let x(o) = -o**2 + 44*o - 411. Give x(14).
9
Let u(a) = -2*a**2 + 12*a + 8. What is u(6)?
8
Let o(f) = f**2 + 15*f - 66. Determine o(5).
34
Let l(j) = -j**3 + 3*j**2 + 21*j + 15. What is l(-3)?
6
Let u(g) = 5*g**2 - g + 1. Give u(1).
5
Let q(g) = g**3 - 2*g**2 - 9. Determine q(4).
23
Let c(g) = 3*g - 16. Calculate c(19).
41
Let z(f) = f**2 - 10*f + 15. Determine z(9).
6
Let l(r) = 51*r - 3. What is l(1)?
48
Let x(w) = 2*w**2 + 18*w + 17. What is x(-7)?
-11
Let t(n) = -n**2 - 10*n - 30. Determine t(-9).
-21
Let w(m) = m**2 + 10*m - 40. What is w(-13)?
-1
Let x(u) = u**3 + 8*u**2 - 2*u - 1. What is x(-2)?
27
Let m(j) = -5*j - 3. What is m(-5)?
22
Let r(x) = -2*x**2 + 4*x + 5. What is r(6)?
-43
Let k(w) = -w**2 - 11*w - 16. Calculate k(-9).
2
Let y(z) = -14*z - 55. What is y(-4)?
1
Let b(y) = 2*y**2 - 2*y - 7. Determine b(-4).
33
Let a(y) = 3*y**2 + 118*y - 93. What is a(-40)?
-13
Let t(o) = -12*o - 20. Give t(-4).
28
Let g(a) = -3*a**2 + 7*a + 14. Give g(5).
-26
Let f(r) = 7*r**2 - 18*r - 15. What is f(-1)?
10
Let y(v) = v**3 - 6*v**2 + 3*v - 11. Give y(6).
7
Let z(o) = -30*o + 93. Give z(4).
-27
Let s(v) = -v**2 - 2*v + 17. What is s(-5)?
2
Let x(s) = 2*s**2 - s + 1. What is x(2)?
7
Let k(b) = 11*b - 144. Determine k(14).
10
Let o(y) = 2*y**3 + y**2 + 4*y - 4. Give o(2).
24
Let b(v) = 24*v**2 + 2*v + 1. What is b(-1)?
23
Let x(l) = 10*l + 17. Determine x(1).
27
Let s(l) = -l**3 - 6*l**2 - 13*l - 17. Determine s(-4).
3
Let d(n) = n**3 + 51*n**2 + 52*n + 102. Give d(-50).
2
Let v(h) = h**3 + 8*h**2 + 4*h - 16. Calculate v(-7).
5
Let t(g) = g**3 + 12*g**2 + 9*g + 8. Give t(-11).
30
Let s(p) = 13*p - 60. What is s(5)?
5
Let p(f) = 5*f**2 + 20*f + 12. 